**3 - 6*u**2 + 2622*u - 2608*u. Determine h(-8).
27
Suppose 4 = -2*w - 5*k - 1, 3*w + 3*k + 3 = 0. Suppose w = -18*i + 40 + 86. Let v(l) = -2 + 5 - l + 1. Determine v(i).
-3
Let w(h) be the first derivative of -h**2/2 + 22*h - 12753. What is w(-6)?
28
Let p(i) = -i**3 + 3*i**2 + 32*i + 10. Let s be p(-4). Let f be 13/(-2) - s/(-12). Let d(h) = -2*h - 8. Determine d(f).
6
Let h(w) be the first derivative of -w**6/360 - w**5/40 - w**4/4 - 2*w**3/3 - 71*w**2/2 + 130. Let x(n) be the third derivative of h(n). What is x(-4)?
-10
Let j(v) = -137417*v - 137424*v + 274844*v - 4*v**2 + v**3 + 1. Let s = 3 - -1. Calculate j(s).
13
Let z(f) = f**3 + 2. Let y(i) = -6*i**2 - i + 0*i - 186 + 374 - 193 - 3*i**3. Let b(q) = y(q) + 4*z(q). Determine b(6).
-3
Let y(m) = 48*m - 2. Suppose 1110*u = 1119*u - 9. Calculate y(u).
46
Let l(a) be the first derivative of 5*a**2/2 + 38*a + 3364. Determine l(0).
38
Let c(j) be the second derivative of j**6/120 - j**5/12 - j**4/8 - 4*j**3/3 - 67*j**2/2 + 240*j. Let s(u) be the first derivative of c(u). Calculate s(6).
10
Let t(s) = -26*s**2 + 0 + s**3 - 3 - 1 - 26*s**2 + 59*s**2 - 11*s. Let r = -20 + 12. Determine t(r).
20
Let t(l) = 15*l + 141. Let w(x) = -5*x**2 + 23*x + 1. Let d be w(5). What is t(d)?
6
Let b = -88 - -88. Suppose b = -16*z + 13*z. Let a(h) = h**3 - h**2 + 7. What is a(z)?
7
Let l(r) = r**3 - 5*r**2 + 6*r - 9. Suppose 55*n - 48 + 35 = 317. Determine l(n).
63
Let d(c) = -16*c - 13. Suppose 5*o + 59 = -5*b + 4, -o - 3*b - 21 = 0. Give d(o).
83
Let y(m) = -15384*m**3 - 4*m**2 - m + 2*m**2 + 15360*m**3. Determine y(-1).
23
Let n(j) be the first derivative of -j**4/4 - j**3 + 23*j**2/2 + 7*j - 1074. Give n(-6).
-23
Let u(v) be the third derivative of -34*v**2 - 13/24*v**4 + 2/3*v**3 + 0*v + 0 + 1/120*v**6 - 1/6*v**5. Calculate u(11).
-18
Let j(p) = p**3 - 5*p**2 + p - 1. Let n(o) = 7*o - 4. Let q be n(1). Let s be (-440)/30 - ((-4)/q)/2. Let c = s - -19. Calculate j(c).
4
Let x(u) be the second derivative of -17*u**3/6 - u**2 - 298*u. Give x(4).
-70
Let u(f) be the first derivative of 3*f**3 + 9*f**2/2 + 11*f - 8431. Calculate u(-3).
65
Let g(n) = -n + 1. Let t(l) = l**3 - 3*l**2 - 16*l + 11. Let d be t(7). Suppose d = 13*f + 6*f. What is g(f)?
-4
Let p = -1083 - -1087. Let z(f) = 2*f**3 + 3*f**2 + 7*f. Let l(s) = s**3 + 3*s**2 + 6*s. Suppose 6 = -q - 2*q. Let x(k) = q*z(k) + 3*l(k). Calculate x(p).
0
Let t(g) = -2*g - 52. Let r = 14811 + -14841. Give t(r).
8
Let m(h) = 0*h**2 + 6*h + h**2 - 1 + 2. Let r(g) = -g**2 - 5*g - 4. Suppose -4*t + 21 = 41. Let a be r(t). Give m(a).
-7
Let r = -166 + 165. Let a(f) = 26*f + 1. Calculate a(r).
-25
Let m be 46/22 - (-72)/(-792). Let c(l) = -2 + 36*l - 2*l**2 + l**m + 2*l**2 - 41*l. Suppose 0*k = 5*k - 30. Calculate c(k).
4
Suppose -5*n = g - 16 + 5, -4*g - 2 = -3*n. Suppose 10 = 2*r + 6, 5*m = n*r - 19. Let o(u) = u**2 + 2*u - 1. Give o(m).
2
Let b = 7812 + -15609/2. Let s(u) be the second derivative of 0 - 1/6*u**3 + 2*u + b*u**2. Calculate s(11).
4
Let p(u) = 240 + 251 - 9*u + 246 - 729 + 0*u. Determine p(-6).
62
Let c(g) = -1145*g - 600*g + 84 + 1759*g. What is c(-6)?
0
Let p(t) be the first derivative of -3*t**3 + 0*t + 42 - 3/2*t**2. Give p(-2).
-30
Let j(c) be the first derivative of -c**4/4 + 5*c**3/3 - 14*c - 409. Give j(4).
2
Suppose -10*u - 5*o = -14*u - 11, -5*u - 4*o + 17 = 0. Let n(y) = 109*y**2 - y. Calculate n(u).
108
Let o(u) = 60*u**2 + 26*u + 43. Let k(w) = -81*w**2 - 28*w - 44. Let s(y) = -3*k(y) - 4*o(y). What is s(-2)?
12
Let b(k) = -42*k**2 - 128*k - 6. Let p be b(-3). Let j(c) = -c**3 - 2*c + 2. What is j(p)?
2
Suppose -w = 4*p + 10, w - 4 = 4*p + 5*w. Suppose -11 = 5*u + 4*h, -4*u - 4 = 4*h - 2*h. Let x(s) = 2*s**2 - 3*s + 5*s + s + u. What is x(p)?
10
Let q(v) be the second derivative of -v**3/6 - v**2 + 5*v. Let i(b) = b**2 + 14*b + 30. Suppose 63*m - 56*m + 84 = 0. Let f be i(m). What is q(f)?
-8
Let x(p) = -11*p**3 + 20*p**2 - 237*p - 61. Let h(y) = -3*y**3 + 6*y**2 - 79*y - 17. Let z(l) = -7*h(l) + 2*x(l). Determine z(8).
-11
Let g be (3/3)/(2/6). Let w(v) = -7*v + g + 6 - 3 - 3*v**2 + 2*v**2. Suppose 54 = -3*c + 33, -21 = 2*z + c. Give w(z).
6
Let m be ((-20)/15)/4 - (-13)/3. Suppose -5*t = m*t - 18. Let c(h) be the third derivative of h**6/120 + h**5/60 - h**4/24 - h**3/6 + 2*h**2. Calculate c(t).
9
Let o(j) = -2*j**3 - 44*j**2 + 2*j + 36. Let l(t) = 117*t + 2552. Let p be l(-22). Calculate o(p).
-8
Let q = -31390/3 + 10464. Let a(f) be the third derivative of -1/8*f**4 + 0*f + 0 - 11*f**2 + q*f**3 - 1/30*f**5. What is a(-3)?
-5
Let k(l) = -l**3 - 4*l**2 + 6*l - 4. Let t(v) be the second derivative of v**5/10 - 4*v**4/3 - v**3/6 + 3*v**2/2 - 5*v + 9. Let n be t(8). Determine k(n).
-9
Let c(t) = -t**2 + 6*t - 1. Let u = -29 + 5. Let b = -12 + 30. Let p be (u/54)/((-4)/3)*b. Determine c(p).
-1
Let k(i) be the first derivative of 13*i**2/2 + 73*i - 200. What is k(-7)?
-18
Let x be (-2 + 4/2)/(-1). Suppose x = 4*g + g - 10, -74 = -4*c + g. Let w = c - 17. Let i(o) = -7*o + 2. Give i(w).
-12
Let m = -31 - -24. Let d = 18 + m. Let q(k) = -5 - d + 3*k + 15 - 4*k**2 + 2*k**3. What is q(2)?
5
Let t(q) = q + 5. Let d(s) = s + 6. Let y(k) = -5*d(k) + 6*t(k). Suppose 5*u + 68 = -4*g + 223, -4*g + 20 = 0. Suppose -11*c = u - 5. What is y(c)?
-2
Suppose -4*r - 4 = -16. Let o(x) = 2*x**3 - 1 - 2 + 2 + 4*x**r. Let w(p) = 47*p**2 - 235*p + 1. Let l be w(5). Calculate o(l).
5
Let w(s) be the third derivative of -s**8/840 - s**7/2520 - s**6/360 - s**5/120 - 125*s**4/24 - 65*s**2. Let j(t) be the second derivative of w(t). Give j(-1).
8
Let f(o) = 110*o - 54*o + 6 - 55*o. Let u(p) = -5*p - 16. Let z be u(-4). Suppose -4*v + 4*w - 40 = -0*w, 5 = -z*v - 3*w. Calculate f(v).
1
Let l be 8/(-2) - -10 - (-6 - -8). Let y(n) = -50*n + 106*n - 49*n - 4. Determine y(l).
24
Let j be -10*((-5)/10 - 0). Let w(a) = 1 + a - 3 - 154*a**3 + 153*a**3 - j*a**2. What is w(-6)?
28
Let h(o) = -33*o + 7. Let d(g) = -86*g + 20. Let c(u) = 3*d(u) - 8*h(u). Determine c(-5).
-26
Let i(y) be the first derivative of y**4/4 + 37*y**3/3 + 35*y**2 + 4*y + 68. Let d be i(-35). Let o(x) = -x**2 + x + 7. Determine o(d).
-5
Let w(l) = 19 + 109*l - l**2 - 40*l - 26 - 41*l - 39*l. Suppose o = t - 12, -4*t - 48 = 4*o - 16. What is w(o)?
3
Let b(j) = -3*j**2 + j**3 + 62 - 17 - 38 - 2*j**3 + 13*j. What is b(-5)?
-8
Let r(z) = -5*z. Let a(p) = 4*p. Let o(w) = -3*a(w) - 2*r(w). Suppose -15*t + 342 = 42. Let h = t - 14. Give o(h).
-12
Let f(w) = -313*w - 18141. Let s be f(-58). Let x(n) = 16*n**2 - 3*n**2 - n - 5*n**3 + 7 - 19 + 4*n**3. Give x(s).
-25
Let c(t) = -3*t - 42. Suppose 4*q + 237 = 297. Let i be -18*(6/q - (-4)/15). Give c(i).
-6
Let c(v) = v**2 - 38. Let i(u) = 2*u**2 - 16*u + 24. Let q be 21/3 + -12 + 11. Let f be i(q). What is c(f)?
-38
Let n(o) = o**2 + 2*o - 1. Suppose 309*m - 54 = 282*m. Determine n(m).
7
Let v(s) = -16*s - 3573 + s**3 + 40*s - 2*s**2 + 3567. Determine v(0).
-6
Suppose 4*r = -17 - 27. Let d(k) = 3*k**3 + k**2 + 16*k + 16. Let i be d(-1). Let p be i*(2/r - 13/(-11)). Let n(s) = -2*s**3 - s**2 - s - 1. Determine n(p).
13
Let m be (2 - 4/(-4))*1. Let a(w) = -4*w + 7*w - m*w + 2*w + 7. Let l be 3 - (-2 - (-8)/5)*-20. Determine a(l).
-3
Let b(l) = -3*l**3 - 12*l**2 - 10*l + 9. Let d(y) = 2*y**3 + 6*y**2 + 4*y - 4. Let v(x) = 3*b(x) + 5*d(x). Give v(7).
-14
Let z(m) = 5*m + 57. Suppose -18*b - 412 = -250. What is z(b)?
12
Let c be (305*2)/5 - -4. Let k be ((-2)/(-6))/(14/c). Suppose 5*p - 2*i = 17, 0 = k*p + p - 5*i. Let j(a) = a - 6. Give j(p).
-1
Let i(d) = -5*d - 1280. Let k(t) = 4*t + 815. Let j(q) = -5*i(q) - 8*k(q). Give j(-23).
41
Suppose 6*t - 2 - 16 = 0. Let y be (t/(-6))/(2/(-16)). Let x(o) be the first derivative of 2*o**3/3 - 5*o**2/2 - 2*o + 2. Determine x(y).
10
Let x(j) be the first derivative of -11*j**2 - 11*j - 478. Calculate x(-4).
77
Let o = 9687 - 9687. Let r(f) = 2*f**2 - 2*f - 4. Determine r(o).
-4
Let q(z) = z**2 + 10*z - 1. Let y(l) be the third derivative of -l**5/60 - 7*l**4/24 - 10*l**3/3 + 69*l**2. Let k be y(-5). What is q(k)?
-1
Let w(f) = f**3 + 15*f**2 - 2*f - 30. Let z be w(-15). Let n(m) be the second derivative of m**3/6 - 11*m**2 - 233*m. Calculate n(z).
-22
Let t = -43 - -50. Suppose 0 = -t*h + 2*h + 20. Let b(w) = -8*w + 11*w**2 - 